{"id":254,"date":"2021-02-18T10:17:51","date_gmt":"2021-02-18T09:17:51","guid":{"rendered":"http:\/\/www.djk-feudenheim.de\/Triathlon\/test_lore\/wordpress\/?page_id=254"},"modified":"2022-04-30T12:03:51","modified_gmt":"2022-04-30T10:03:51","slug":"berichte-tabelle-2016-und-aelter","status":"publish","type":"page","link":"https:\/\/www.djk-feudenheim.de\/Triathlon\/berichte-tabelle-2016-und-aelter\/","title":{"rendered":"Berichte-Tabelle 2016 und \u00e4lter"},"content":{"rendered":"\n<figure class=\"wp-block-table is-style-stripes\"><table><tbody><tr><td class=\"has-text-align-center\" data-align=\"center\"><strong>Jahr<\/strong><\/td><td><strong>Ort<\/strong><\/td><td><strong>Titel<\/strong><\/td><td class=\"has-text-align-right\" data-align=\"right\"><strong>Autor<\/strong><\/td><\/tr><tr><td class=\"has-text-align-center\" data-align=\"center\">2016<\/td><td>Mannheim<\/td><td><a href=\"https:\/\/www.djk-feudenheim.de\/Triathlon\/daten\/Daemmermarathon2016.pdf\" target=\"_blank\" rel=\"noreferrer noopener\">D\u00e4mmermarathon Mannheim 2016 &#8211; als Gast<\/a><\/td><td class=\"has-text-align-right\" data-align=\"right\">Cornelia<\/td><\/tr><tr><td class=\"has-text-align-center\" data-align=\"center\">2016<\/td><td>Mannheim<\/td><td><a href=\"http:\/\/blog.murphyslantech.de\/?p=1054\" target=\"_blank\" rel=\"noreferrer noopener\">D\u00e4mmermarathon Mannheim 2016<\/a><\/td><td class=\"has-text-align-right\" data-align=\"right\">Kai<\/td><\/tr><tr><td class=\"has-text-align-center\" data-align=\"center\">2016<\/td><td>Weinstra\u00dfe<\/td><td><a href=\"http:\/\/blog.murphyslantech.de\/?p=1034\" target=\"_blank\" rel=\"noreferrer noopener\">Weinstra\u00dfen-Marathon 2016<\/a><\/td><td class=\"has-text-align-right\" data-align=\"right\">Kai<\/td><\/tr><tr><td class=\"has-text-align-center\" data-align=\"center\">2015<\/td><td>Hawai&#8217;i<\/td><td>                     <a href=\"http:\/\/djk-feudenheim.de\/Triathlon\/daten\/ironman-hawaii-2015.pdf\" target=\"_blank\" rel=\"noreferrer noopener\">                       Ironman Weltmeisterschaft Hawai&#8217;i am 10.10.2015 &#8211; die Kr\u00f6nung!                     <\/a>     <\/td><td class=\"has-text-align-right\" data-align=\"right\">   Lore<\/td><\/tr><tr><td class=\"has-text-align-center\" data-align=\"center\">2015<\/td><td>Nizza<\/td><td>                     <a href=\"http:\/\/djk-feudenheim.de\/Triathlon\/daten\/ironman-nizza-2015.pdf\" target=\"_blank\" rel=\"noreferrer noopener\">                       Ironman Nizza am 28.6.2015 &#8211; meine Quali f\u00fcr Hawai&#8217;i!                     <\/a>      <\/td><td class=\"has-text-align-right\" data-align=\"right\">\n                    Lore   <\/td><\/tr><tr><td class=\"has-text-align-center\" data-align=\"center\">2015<\/td><td>Nizza<\/td><td>\n                    <a href=\"http:\/\/globale-allmende.de\/privat\/ausdauersport#Nizza\" target=\"_blank\" rel=\"noopener\">\n                      Ironman Nizza am 28.6.2015 &#8211;  Impressionen vom Wettkampf und aus der Region als Video\n                    <\/a>\n                  <\/td><td class=\"has-text-align-right\" data-align=\"right\">\n                    Gunther\n                  <\/td><\/tr><tr><td class=\"has-text-align-center\" data-align=\"center\">2015<\/td><td>Ruhpolding<\/td><td><a href=\"http:\/\/djk-feudenheim.de\/Triathlon\/daten\/Chiemgauer100.pdf\" data-type=\"URL\" target=\"_blank\" rel=\"noreferrer noopener\">Chiemgauer 100<\/a><\/td><td class=\"has-text-align-right\" data-align=\"right\">Holger<\/td><\/tr><tr><td class=\"has-text-align-center\" data-align=\"center\">2015<\/td><td>Stra\u00dfburg<\/td><td><a rel=\"noreferrer noopener\" href=\"https:\/\/blog.murphyslantech.de\/?p=1001\" target=\"_blank\">Marathon Strasbourg 2015<\/a><\/td><td class=\"has-text-align-right\" data-align=\"right\">Kai<\/td><\/tr><tr><td class=\"has-text-align-center\" data-align=\"center\">2015<\/td><td>Molsheim<\/td><td><a href=\"https:\/\/blog.murphyslantech.de\/?p=951\" target=\"_blank\" rel=\"noreferrer noopener\">Marathon du Vignoble d&#8217;Alsace<\/a><\/td><td class=\"has-text-align-right\" data-align=\"right\">Kai<\/td><\/tr><tr><td class=\"has-text-align-center\" data-align=\"center\">2015<\/td><td>Nord-Pas-de- Calais<\/td><td><a href=\"https:\/\/blog.murphyslantech.de\/?p=900\" target=\"_blank\" rel=\"noreferrer noopener\">Trail des Pyramides Noires &#8211; 105km durch die Abraumhalden<\/a><\/td><td class=\"has-text-align-right\" data-align=\"right\">Kai<\/td><\/tr><tr><td class=\"has-text-align-center\" data-align=\"center\">2015<\/td><td>Reichweiler<\/td><td><a href=\"http:\/\/djk-feudenheim.de\/Triathlon\/daten\/K-UT 2015.pdf\" target=\"_blank\" rel=\"noreferrer noopener\">Keufelskopf Ultra-Trail<\/a><\/td><td class=\"has-text-align-right\" data-align=\"right\">Holger<\/td><\/tr><tr><td class=\"has-text-align-center\" data-align=\"center\">2015<\/td><td>D\u00fcsseldorf<\/td><td><a href=\"https:\/\/www.djk-feudenheim.de\/Triathlon\/daten\/2015_duesseldorf-marathon_andreas.pdf\" target=\"_blank\" rel=\"noreferrer noopener\">D\u00fcsseldorf-Marathon 2015<\/a><\/td><td class=\"has-text-align-right\" data-align=\"right\">Andreas<\/td><\/tr><tr><td class=\"has-text-align-center\" data-align=\"center\">2014<\/td><td>Frankfurt<\/td><td><a href=\"https:\/\/www.djk-feudenheim.de\/Triathlon\/daten\/2014_frankfurt-marathon_andreas.pdf\" target=\"_blank\" rel=\"noreferrer noopener\">Frankfurt-Marathon 2014<\/a><\/td><td class=\"has-text-align-right\" data-align=\"right\">Andreas<\/td><\/tr><tr><td class=\"has-text-align-center\" data-align=\"center\">2014<\/td><td>Biel<\/td><td><a href=\"https:\/\/blog.murphyslantech.de\/?p=724\" target=\"_blank\" rel=\"noreferrer noopener\">100-km-Lauf in Biel am 13.\/14.6.2014<\/a><\/td><td class=\"has-text-align-right\" data-align=\"right\">Kai<\/td><\/tr><tr><td class=\"has-text-align-center\" data-align=\"center\">2014<\/td><td>Hamburg<\/td><td><a href=\"https:\/\/www.djk-feudenheim.de\/Triathlon\/2014-hamburg-andreas\" target=\"_blank\" rel=\"noreferrer noopener\">Hamburg-Marathon 2014 &#8211; Jubil\u00e4um und Bestzeit<\/a><\/td><td class=\"has-text-align-right\" data-align=\"right\">Andreas<\/td><\/tr><tr><td class=\"has-text-align-center\" data-align=\"center\">2013<\/td><td>Heidelberg<\/td><td><a href=\"https:\/\/www.djk-feudenheim.de\/Triathlon\/2013-heidelberg-Lore\" target=\"_blank\" rel=\"noreferrer noopener\">1. Trail-Marathon Heidelberg 2013<\/a><\/td><td class=\"has-text-align-right\" data-align=\"right\">Lore<\/td><\/tr><tr><td class=\"has-text-align-center\" data-align=\"center\">2013<\/td><td>N\u00fcrnberg<\/td><td><a href=\"https:\/\/blog.murphyslantech.de\/?p=503\" target=\"_blank\" rel=\"noreferrer noopener\">Mein Traditionslauf &#8211; Stadtlauf in N\u00fcrnberg 2013<\/a><\/td><td class=\"has-text-align-right\" data-align=\"right\">Kai<\/td><\/tr><tr><td class=\"has-text-align-center\" data-align=\"center\">2013<\/td><td>Z\u00fcrich<\/td><td>                     <a href=\"http:\/\/djk-feudenheim.de\/Triathlon\/daten\/ironman-zuerich-2013.pdf\" target=\"_blank\" rel=\"noreferrer noopener\">                       Ironman Z\u00fcrich am 28.7.2013                     <\/a>                   <\/td><td class=\"has-text-align-right\" data-align=\"right\">\n                    Lore\n                  <\/td><\/tr><tr><td class=\"has-text-align-center\" data-align=\"center\">2013<\/td><td>Z\u00fcrich<\/td><td>\n                    <a href=\"https:\/\/www.youtube.com\/watch?v=OctOv4jOqRY\" target=\"_blank\" rel=\"noopener\">\n                      Ironman Z\u00fcrich am 28.7.2013 &#8211; Youtube Video\n                    <\/a>\n                  <\/td><td class=\"has-text-align-right\" data-align=\"right\">    Gunther  <\/td><\/tr><tr><td class=\"has-text-align-center\" data-align=\"center\">2013<\/td><td>Zermatt<\/td><td><a href=\"https:\/\/www.youtube.com\/watch?v=zs06DH2DXx8\" target=\"_blank\" rel=\"noreferrer noopener\">Zermatt Ultramarathon &#8211; Youtube Video<\/a><\/td><td class=\"has-text-align-right\" data-align=\"right\">Gunther<\/td><\/tr><tr><td class=\"has-text-align-center\" data-align=\"center\">2013<\/td><td>Mannheim<\/td><td><a href=\"https:\/\/www.djk-feudenheim.de\/Triathlon\/2013-mlpmarathon-rainer\/\" target=\"_blank\" rel=\"noreferrer noopener\">Nachruf zum MLP-Marathon 2013<\/a><\/td><td class=\"has-text-align-right\" data-align=\"right\">Rainer<\/td><\/tr><tr><td class=\"has-text-align-center\" data-align=\"center\">2012<\/td><td>N\u00fcrnberg<\/td><td><a href=\"https:\/\/blog.murphyslantech.de\/?p=357\" target=\"_blank\" rel=\"noreferrer noopener\">LGA Indoor Marathon<\/a><\/td><td class=\"has-text-align-right\" data-align=\"right\">Kai<\/td><\/tr><tr><td class=\"has-text-align-center\" data-align=\"center\">2012<\/td><td>Interlaken<\/td><td><a href=\"https:\/\/djk-feudenheim.de\/Triathlon\/daten\/jungfrau-marathon-2012.pdf\" target=\"_blank\" rel=\"noreferrer noopener\">Jungfrau-Marathon 2012<\/a><\/td><td class=\"has-text-align-right\" data-align=\"right\">Gunther<\/td><\/tr><tr><td class=\"has-text-align-center\" data-align=\"center\">2012<\/td><td>Hamburg<\/td><td>                     <a rel=\"noreferrer noopener\" href=\"http:\/\/hamburg-triathlon-2012.php\" data-type=\"URL\" data-id=\"hamburg-triathlon-2012.php\" target=\"_blank\">                       <\/a><a href=\"https:\/\/www.djk-feudenheim.de\/Triathlon\/hamburg-triathlon-2012\" target=\"_blank\" rel=\"noreferrer noopener\">Hamburg Triathlon \u2013 Olympische Distanz am 22.07.12 <\/a>  <a href=\"https:\/\/www.djk-feudenheim.de\/Triathlon\/test_lore\/wordpress\/wp-admin\/post.php?post=550\"> <\/a>                                    <\/td><td class=\"has-text-align-right\" data-align=\"right\">\n                    Christel   <\/td><\/tr><tr><td class=\"has-text-align-center\" data-align=\"center\">  2012<\/td><td>Frankfurt<\/td><td><a href=\"https:\/\/www.djk-feudenheim.de\/Triathlon\/2012-ironman-frankfurt\/\" data-type=\"page\" target=\"_blank\" rel=\"noreferrer noopener\">   Race Report Ironman Frankfurt <br>European Championship 8. Juli 2012  <\/a>                  <\/td><td class=\"has-text-align-right\" data-align=\"right\"> Derek   <\/td><\/tr><tr><td class=\"has-text-align-center\" data-align=\"center\">2012<\/td><td>Ulm<\/td><td><a href=\"https:\/\/blog.murphyslantech.de\/?p=263\" data-type=\"URL\" data-id=\"https:\/\/blog.murphyslantech.de\/?p=263\" target=\"_blank\" rel=\"noreferrer noopener\">Ulmer Laufnacht 2012 &#8211; 100km durch die Nacht<\/a><\/td><td class=\"has-text-align-right\" data-align=\"right\">Kai<\/td><\/tr><tr><td class=\"has-text-align-center\" data-align=\"center\">2011<\/td><td>Frankfurt<\/td><td><a href=\"https:\/\/www.djk-feudenheim.de\/Triathlon\/2011-frankfurt-volker\/\" target=\"_blank\" rel=\"noreferrer noopener\">&#8222;Die 3 muss fallen&#8220; &#8211; Fankfurt-Marathon 2011<\/a><\/td><td class=\"has-text-align-right\" data-align=\"right\">Volker<\/td><\/tr><tr><td class=\"has-text-align-center\" data-align=\"center\">2010<\/td><td>Kraichgau<\/td><td>                     <a href=\"https:\/\/www.djk-feudenheim.de\/Triathlon\/2010-kraichgau-gunther\/\" target=\"_blank\" rel=\"noreferrer noopener\">Kraichgau-Triathlon 2010<\/a>                   <\/td><td class=\"has-text-align-right\" data-align=\"right\">\n                    Gunther\n                  <\/td><\/tr><tr><td class=\"has-text-align-center\" data-align=\"center\">2009<\/td><td>W\u00fcrzburg<\/td><td><a href=\"https:\/\/www.djk-feudenheim.de\/Triathlon\/2009-wuerzburg-marathon\/\" target=\"_blank\" rel=\"noreferrer noopener\">Wo die Welt noch in Ordnung ist &#8211; <br>W\u00fcrzburg-Marathon 2009<\/a><\/td><td class=\"has-text-align-right\" data-align=\"right\">Gunther<\/td><\/tr><tr><td class=\"has-text-align-center\" data-align=\"center\">2009<\/td><td>Paris<\/td><td><a href=\"https:\/\/www.djk-feudenheim.de\/Triathlon\/2009-paris-gunther\/\" target=\"_blank\" rel=\"noreferrer noopener\">Marathon als Kunst betrachtet &#8211; Paris 2009<\/a><\/td><td class=\"has-text-align-right\" data-align=\"right\">Gunther<\/td><\/tr><tr><td class=\"has-text-align-center\" data-align=\"center\">2008<\/td><td>Ladenburg<\/td><td>                     <a href=\"https:\/\/www.djk-feudenheim.de\/Triathlon\/2008-hexathlon-gunther\/\" target=\"_blank\" rel=\"noreferrer noopener\">Hexathlon R\u00f6merman in Ladenburg 2008<\/a>                   <\/td><td class=\"has-text-align-right\" data-align=\"right\">\n                    Gunther\n                  <\/td><\/tr><tr><td class=\"has-text-align-center\" data-align=\"center\">2008<\/td><td>Viernheim<\/td><td>                     <a href=\"https:\/\/www.djk-feudenheim.de\/Triathlon\/2008-viernheim-christiane\/\" target=\"_blank\" rel=\"noreferrer noopener\">V-Card Triathlon Viernheim 2008<\/a>                   <\/td><td class=\"has-text-align-right\" data-align=\"right\">\n                    Christiane\n                  <\/td><\/tr><tr><td class=\"has-text-align-center\" data-align=\"center\">2007<\/td><td>Thusis\/Schweiz<\/td><td><a href=\"https:\/\/www.djk-feudenheim.de\/Triathlon\/trans-via-mala-2007\/\" data-type=\"URL\" data-id=\"https:\/\/www.djk-feudenheim.de\/Triathlon\/trans-via-mala-2007\/\" target=\"_blank\" rel=\"noreferrer noopener\">Trans Via Mala &#8211; Lauf Oktober 2007<\/a><\/td><td class=\"has-text-align-right\" data-align=\"right\">Gunther u. Lore<\/td><\/tr><tr><td class=\"has-text-align-center\" data-align=\"center\">2007<\/td><td>Heidelberg<\/td><td>                     <a href=\"https:\/\/www.djk-feudenheim.de\/Triathlon\/2007-heidelberg-christiane\/\" target=\"_blank\" rel=\"noreferrer noopener\">Heidelbergman 2007 &#8211; Bericht einer Kampfrichterin<\/a>                   <\/td><td class=\"has-text-align-right\" data-align=\"right\">\n                    Christiane\n                  <\/td><\/tr><tr><td class=\"has-text-align-center\" data-align=\"center\">2007<\/td><td>New Orleans<\/td><td><a href=\"https:\/\/www.djk-feudenheim.de\/Triathlon\/2007-neworleans-rolf\/\" target=\"_blank\" rel=\"noreferrer noopener\">Mardi Gras Marathon\/Half Marathon<\/a><\/td><td class=\"has-text-align-right\" data-align=\"right\">Rolf<\/td><\/tr><tr><td class=\"has-text-align-center\" data-align=\"center\">2006<\/td><td>Bruchhausen<\/td><td><a href=\"https:\/\/www.djk-feudenheim.de\/Triathlon\/2006-halbmarathon-bruchhausen\/\" data-type=\"page\" target=\"_blank\" rel=\"noreferrer noopener\">Triumph beim Halbmarathon Bruchhausen<\/a><\/td><td class=\"has-text-align-right\" data-align=\"right\">Christiane<\/td><\/tr><tr><td class=\"has-text-align-center\" data-align=\"center\">2006<\/td><td>Pirmasens<\/td><td><a href=\"https:\/\/www.djk-feudenheim.de\/Triathlon\/2006-pfalz-christiane\/\" data-type=\"page\" target=\"_blank\" rel=\"noreferrer noopener\">900 H\u00f6henmeter und 05:02:34 Stunden Spa\u00df beim Pf\u00e4lzer Wald Marathon 2006<\/a><\/td><td class=\"has-text-align-right\" data-align=\"right\">Christiane<\/td><\/tr><tr><td class=\"has-text-align-center\" data-align=\"center\">2006<\/td><td>Worms<\/td><td><a href=\"https:\/\/www.djk-feudenheim.de\/Triathlon\/2006-worms-andreas\/\" data-type=\"page\" target=\"_blank\" rel=\"noreferrer noopener\">K\u00e4pt\u2019n , Power und ich \u2013<br>Halbmarathon in Worms am 10.09.2006<\/a><\/td><td class=\"has-text-align-right\" data-align=\"right\">Andreas<\/td><\/tr><tr><td class=\"has-text-align-center\" data-align=\"center\">2006<\/td><td>Roth<\/td><td>                     <a href=\"https:\/\/www.djk-feudenheim.de\/Triathlon\/2006-roth-lore\/\" data-type=\"page\" target=\"_blank\" rel=\"noreferrer noopener\">Roth 2006 &#8211; Bericht einer frischgebackenen Langdistanz-Finisherin<\/a>                   <\/td><td class=\"has-text-align-right\" data-align=\"right\">        Lore         <\/td><\/tr><tr><td class=\"has-text-align-center\" data-align=\"center\">2006<\/td><td>Ubstadt-Weiher<\/td><td><a href=\"https:\/\/www.djk-feudenheim.de\/Triathlon\/2006-bruno-gunther\/\" data-type=\"page\" target=\"_blank\" rel=\"noreferrer noopener\">Eine Geschichte \u00fcber Bruno<\/a><\/td><td class=\"has-text-align-right\" data-align=\"right\">Gunther<\/td><\/tr><tr><td class=\"has-text-align-center\" data-align=\"center\">2006<\/td><td>Heidelberg<\/td><td><a href=\"https:\/\/www.djk-feudenheim.de\/Triathlon\/2006-heidelberg-rolf\/\" data-type=\"page\" target=\"_blank\" rel=\"noreferrer noopener\">Eindr\u00fccke beim Halbmarathon in Heidelberg<\/a><\/td><td class=\"has-text-align-right\" data-align=\"right\">Rolf<\/td><\/tr><tr><td class=\"has-text-align-center\" data-align=\"center\">2005<\/td><td>G\u00e9rardmer<\/td><td>                     <a href=\"https:\/\/www.djk-feudenheim.de\/Triathlon\/2005-gerardmer-christiane\/\" data-type=\"page\" target=\"_blank\" rel=\"noreferrer noopener\">Triathlon XL de G\u00e9rardmer Finisher 2005<\/a>                   <\/td><td class=\"has-text-align-right\" data-align=\"right\">\n                    Christiane\n                  <\/td><\/tr><tr><td class=\"has-text-align-center\" data-align=\"center\">2005<\/td><td>Kraichgau<\/td><td>                     <a href=\"https:\/\/www.djk-feudenheim.de\/Triathlon\/2005-kraichgau-christiane\/\" data-type=\"page\" target=\"_blank\" rel=\"noreferrer noopener\">Kraichgau \u2013 Triathlon  ( 2 \u2013 60 \u2013 14 )   2005<\/a>                   <\/td><td class=\"has-text-align-right\" data-align=\"right\">                     Christiane                   <\/td><\/tr><\/tbody><\/table><\/figure>\n\n\n\n<p><\/p>\n","protected":false},"excerpt":{"rendered":"<p>Jahr Ort Titel Autor 2016 Mannheim D\u00e4mmermarathon Mannheim 2016 &#8211; als Gast Cornelia 2016 Mannheim D\u00e4mmermarathon Mannheim 2016 Kai 2016 Weinstra\u00dfe Weinstra\u00dfen-Marathon 2016 Kai 2015 Hawai&#8217;i Ironman Weltmeisterschaft Hawai&#8217;i am 10.10.2015 &#8211; die Kr\u00f6nung! Lore 2015 Nizza Ironman Nizza am 28.6.2015 &#8211; meine Quali f\u00fcr Hawai&#8217;i! Lore 2015 Nizza Ironman Nizza am 28.6.2015 &#8211; Impressionen [&hellip;]<\/p>\n","protected":false},"author":1,"featured_media":0,"parent":0,"menu_order":0,"comment_status":"closed","ping_status":"closed","template":"","meta":{"footnotes":""},"class_list":["post-254","page","type-page","status-publish","hentry"],"_links":{"self":[{"href":"https:\/\/www.djk-feudenheim.de\/Triathlon\/wp-json\/wp\/v2\/pages\/254","targetHints":{"allow":["GET"]}}],"collection":[{"href":"https:\/\/www.djk-feudenheim.de\/Triathlon\/wp-json\/wp\/v2\/pages"}],"about":[{"href":"https:\/\/www.djk-feudenheim.de\/Triathlon\/wp-json\/wp\/v2\/types\/page"}],"author":[{"embeddable":true,"href":"https:\/\/www.djk-feudenheim.de\/Triathlon\/wp-json\/wp\/v2\/users\/1"}],"replies":[{"embeddable":true,"href":"https:\/\/www.djk-feudenheim.de\/Triathlon\/wp-json\/wp\/v2\/comments?post=254"}],"version-history":[{"count":85,"href":"https:\/\/www.djk-feudenheim.de\/Triathlon\/wp-json\/wp\/v2\/pages\/254\/revisions"}],"predecessor-version":[{"id":1023,"href":"https:\/\/www.djk-feudenheim.de\/Triathlon\/wp-json\/wp\/v2\/pages\/254\/revisions\/1023"}],"wp:attachment":[{"href":"https:\/\/www.djk-feudenheim.de\/Triathlon\/wp-json\/wp\/v2\/media?parent=254"}],"curies":[{"name":"wp","href":"https:\/\/api.w.org\/{rel}","templated":true}]}}