{"id":550,"date":"2022-02-06T17:57:31","date_gmt":"2022-02-06T16:57:31","guid":{"rendered":"https:\/\/www.djk-feudenheim.de\/Triathlon\/test_lore\/wordpress\/?page_id=550"},"modified":"2022-04-30T11:34:37","modified_gmt":"2022-04-30T09:34:37","slug":"hamburg-triathlon-2012","status":"publish","type":"page","link":"https:\/\/www.djk-feudenheim.de\/Triathlon\/hamburg-triathlon-2012\/","title":{"rendered":"Hamburg Triathlon \u2013 Olympische Distanz am 22.07.12"},"content":{"rendered":"<img loading=\"lazy\" decoding=\"async\" class=\"alignright\" src=\"https:\/\/djk-feudenheim.de\/Triathlon\/daten\/bilder_zu_berichten\/hamburg-triathlon-2012.jpg\" alt=\"\" width=\"300\" height=\"225\">Einige Triathleten der DJK Feudenheim machten sich auf den Weg in die wundersch\u00f6ne Stadt Hamburg, um dort am Triathlon f\u00fcr die olympische Distanz teilzunehmen. Wir verbrachten dort zusammen ein paar tolle Tage. Zuerst wurden die Startunterlagen abgeholt, was nat\u00fcrlich mit einem ausgiebigen Messebummel verbunden wurde. Ein ausgedehnter Stadtbummel, der uns zu einer guten Gastst\u00e4tte eines Portugiesen f\u00fchrte, wo wir ein sehr gutes Abendessen einnahmen, rundete den sch\u00f6nen Abend ab. Am Samstag trafen wir uns dann am Nachmittag, wo wir auch nochmal \u00fcber die gro\u00dfe Messe schlenderten und der eine oder andere nat\u00fcrlich auch etwas kaufte.\n\nWir begutachteten den Jungfernstieg, wo am Sonntag der Schwimmstart erfolgte. Anschlie\u00dfend ging es zur Pastaparty, wo die Vorbesprechung f\u00fcr den Triathlon statt fand und wir reichlich Nudeln zu uns nahmen. Anschlie\u00dfend sahen noch einige von uns beim Elite-Sprintrennen der Herren zu.\n\nDann war der Samstag auch schon fast vor\u00fcber und meine Aufregung machte sich allm\u00e4hlich breit. F\u00fcr mich war es die erste Olympische Distanz und ich hatte ziemlich \u201eSchiss\u201c. Ich hatte zwar gut trainiert, aber vor dem Schwimmen hatte ich allergr\u00f6\u00dften Respekt. Am Sonntag war es dann soweit \u2013 der Wettkampf konnte beginnen. Die ersten von uns starteten 9.50 Uhr. Anni und ich waren 10.20 Uhr dran. Es war ein ganz tolles prickelndes Gef\u00fchl vor so vielen jubelnden Menschen ins Wasser zu gehen. Mit dem Startschuss ging es p\u00fcnktlich los. Die Schwimmstrecke wollte kein Ende nehmen. Bis ich aber dann doch gl\u00fccklich aus dem Wasser stieg und zum Fahrrad d\u00fcste, waren 47 min. vergangen, gef\u00fchlt war es f\u00fcr mich wie etwa eine Stunde. Die Fahrradstrecke war leicht profiliert und 2mal zu umfahren. Der Kurs war gut zu radeln. anschlie\u00dfend ging es auf die sch\u00f6ne Laufstrecke, die zum Teil an der Binnenalster entlang f\u00fchrte. Unsere Leute, die nicht am Wettkampf teilnahmen, feuerten uns an den verschiedensten Stellen der Strecke ganz toll an. Das war nat\u00fcrlich klasse und motivierend. Im Ziel gl\u00fccklich angekommen, wo jeder Finisher eine sch\u00f6ne Medaille erhielt, fielen wir uns alle gl\u00fccklich in die Arme. Unsere Heidrun hielt das nat\u00fcrlich mit einem tollen Foto f\u00fcr die Ewigkeit fest.\n\nAlles in allem, war es ein supersch\u00f6ner Triathlon bei prima Wetter.\n\n\n\nChristel B\u00fcrger<!-- \/wp:post-content -->","protected":false},"excerpt":{"rendered":"<p>Einige Triathleten der DJK Feudenheim machten sich auf den Weg in die wundersch\u00f6ne Stadt Hamburg, um dort am Triathlon f\u00fcr die olympische Distanz teilzunehmen. Wir verbrachten dort zusammen ein paar tolle Tage. Zuerst wurden die Startunterlagen abgeholt, was nat\u00fcrlich mit einem ausgiebigen Messebummel verbunden wurde. Ein ausgedehnter Stadtbummel, der uns zu einer guten Gastst\u00e4tte eines [&hellip;]<\/p>\n","protected":false},"author":1,"featured_media":0,"parent":0,"menu_order":0,"comment_status":"closed","ping_status":"closed","template":"","meta":{"footnotes":""},"class_list":["post-550","page","type-page","status-publish","hentry"],"_links":{"self":[{"href":"https:\/\/www.djk-feudenheim.de\/Triathlon\/wp-json\/wp\/v2\/pages\/550","targetHints":{"allow":["GET"]}}],"collection":[{"href":"https:\/\/www.djk-feudenheim.de\/Triathlon\/wp-json\/wp\/v2\/pages"}],"about":[{"href":"https:\/\/www.djk-feudenheim.de\/Triathlon\/wp-json\/wp\/v2\/types\/page"}],"author":[{"embeddable":true,"href":"https:\/\/www.djk-feudenheim.de\/Triathlon\/wp-json\/wp\/v2\/users\/1"}],"replies":[{"embeddable":true,"href":"https:\/\/www.djk-feudenheim.de\/Triathlon\/wp-json\/wp\/v2\/comments?post=550"}],"version-history":[{"count":19,"href":"https:\/\/www.djk-feudenheim.de\/Triathlon\/wp-json\/wp\/v2\/pages\/550\/revisions"}],"predecessor-version":[{"id":999,"href":"https:\/\/www.djk-feudenheim.de\/Triathlon\/wp-json\/wp\/v2\/pages\/550\/revisions\/999"}],"wp:attachment":[{"href":"https:\/\/www.djk-feudenheim.de\/Triathlon\/wp-json\/wp\/v2\/media?parent=550"}],"curies":[{"name":"wp","href":"https:\/\/api.w.org\/{rel}","templated":true}]}}