{"id":9,"date":"2018-02-04T12:05:10","date_gmt":"2018-02-04T11:05:10","guid":{"rendered":"http:\/\/www.djk-feudenheim.de\/Triathlon\/test_lore\/wordpress\/?page_id=9"},"modified":"2025-01-30T20:18:45","modified_gmt":"2025-01-30T19:18:45","slug":"kontakt","status":"publish","type":"page","link":"https:\/\/www.djk-feudenheim.de\/Triathlon\/kontakt\/","title":{"rendered":"Kontakt"},"content":{"rendered":"<h4>Dein Weg zu uns<\/h4>\n<h5>Adresse:<\/h5>\n<p>In der Anlage 11 (Neckarplatt), 68259 Mannheim-Feudenheim<\/p>\n<h4>Ansprechpartner<\/h4>\n<h5>Abteilungsleitungsteam:<\/h5>\n<p>Allgemeine e-mail-Adresse: triathlon (\u00e4t) djk-feudenheim.de<br \/>Ulrike Manthey, ulrikemanthey (\u00e4t) yahoo.de<br \/>J\u00fcrgen Knapp, j-b.knapp (\u00e4t) gmx.de<br \/>Werner Blink, wblink (\u00e4t) web.de<\/p>\n<h4>Aufnahmeantrag<\/h4>\n<p>Der Antrag f\u00fcr den Beitritt zur DJK Feudenheim, Abteilung Triathlon, kann\u00a0 <a href=\"https:\/\/djk-feudenheim.de\/Triathlon\/daten\/aufnahmeantrag_2019.pdf\" target=\"_blank\" rel=\"noopener\">HIER<\/a>\u00a0 heruntergeladen werden.<\/p>\n<h4>Impressum<\/h4>\n<p>Webmaster: Kai Schlacher, triathlon (\u00e4t) djk-feudenheim.de<\/p>\n<h5>Disclaimer<\/h5>\n<p>Solltest Du Dich durch Bilder oder Darstellungen auf dieser Seite in Deinen Pers\u00f6nlichkeitsrechten verletzt f\u00fchlen, bitten wir um Nachricht unter triathlon@djk-feudenheim.de. Wir werden nach Kr\u00e4ften versuchen, Abhilfe zu schaffen.<\/p>\n<p>F\u00fcr Links zu Seiten anderer Betreiber k\u00f6nnen wir keine Haftung \u00fcbernehmen, da wir deren Inhalte nicht beeinflussen k\u00f6nnen.<\/p>\n\n\n<p><\/p>\n","protected":false},"excerpt":{"rendered":"<p>Dein Weg zu uns Adresse: In der Anlage 11 (Neckarplatt), 68259 Mannheim-Feudenheim Ansprechpartner Abteilungsleitungsteam: Allgemeine e-mail-Adresse: triathlon (\u00e4t) djk-feudenheim.deUlrike Manthey, ulrikemanthey (\u00e4t) yahoo.deJ\u00fcrgen Knapp, j-b.knapp (\u00e4t) gmx.deWerner Blink, wblink (\u00e4t) web.de Aufnahmeantrag Der Antrag f\u00fcr den Beitritt zur DJK Feudenheim, Abteilung Triathlon, kann\u00a0 HIER\u00a0 heruntergeladen werden. Impressum Webmaster: Kai Schlacher, triathlon (\u00e4t) djk-feudenheim.de Disclaimer Solltest [&hellip;]<\/p>\n","protected":false},"author":1,"featured_media":0,"parent":0,"menu_order":0,"comment_status":"closed","ping_status":"closed","template":"","meta":{"footnotes":""},"class_list":["post-9","page","type-page","status-publish","hentry"],"_links":{"self":[{"href":"https:\/\/www.djk-feudenheim.de\/Triathlon\/wp-json\/wp\/v2\/pages\/9","targetHints":{"allow":["GET"]}}],"collection":[{"href":"https:\/\/www.djk-feudenheim.de\/Triathlon\/wp-json\/wp\/v2\/pages"}],"about":[{"href":"https:\/\/www.djk-feudenheim.de\/Triathlon\/wp-json\/wp\/v2\/types\/page"}],"author":[{"embeddable":true,"href":"https:\/\/www.djk-feudenheim.de\/Triathlon\/wp-json\/wp\/v2\/users\/1"}],"replies":[{"embeddable":true,"href":"https:\/\/www.djk-feudenheim.de\/Triathlon\/wp-json\/wp\/v2\/comments?post=9"}],"version-history":[{"count":10,"href":"https:\/\/www.djk-feudenheim.de\/Triathlon\/wp-json\/wp\/v2\/pages\/9\/revisions"}],"predecessor-version":[{"id":1205,"href":"https:\/\/www.djk-feudenheim.de\/Triathlon\/wp-json\/wp\/v2\/pages\/9\/revisions\/1205"}],"wp:attachment":[{"href":"https:\/\/www.djk-feudenheim.de\/Triathlon\/wp-json\/wp\/v2\/media?parent=9"}],"curies":[{"name":"wp","href":"https:\/\/api.w.org\/{rel}","templated":true}]}}